 i = 15 - 15. Let s(u) = 2*u + 5. Let v be s(i). Suppose 0 = 3*g - v*g - 3*k + 1292, -3*g = 3*k - 1941. Is g composite?
True
Let x = -11952 - -23185. Let i = x + -4244. Is i composite?
True
Suppose -4*o = 2*n - 143306, -5*o = -3*n + 63133 + 151793. Is n a prime number?
True
Let g = 422193 + 43508. Is g composite?
False
Is (-747563)/(-12) + 1596/144 + -11 a composite number?
False
Suppose 175 = -12*d + 7*d. Is d/(35/(-7)) + 1252 a composite number?
False
Suppose -16*n - 50 = -6*n. Let j(q) = -13*q**3 - 4*q**2 - 2*q + 2. Is j(n) composite?
True
Let r be 16/(-80) + 325882/10. Suppose -49*w - r = -53*w. Is w composite?
False
Let p = 2595564 - 1732085. Is p prime?
True
Let o = 719422 + 280995. Is o a composite number?
True
Let b(x) = 83*x**2 + 119*x - 131. Is b(36) composite?
False
Let l(h) = h**2 - 4*h - 93. Let k be l(12). Is (-206440)/(-80) + k/(-2) prime?
True
Suppose 0*s = 9*s - 81. Let a(w) = 908*w - 121. Is a(s) prime?
False
Suppose 0 = -5*o - d + 36 + 34, -2*d = -10. Let j(r) = 0*r + 29*r**2 + r + 0*r - 28*r**2 - o. Is j(17) a prime number?
True
Suppose -n - 849044 = -15*n. Is n a prime number?
False
Let g(x) = 10*x**3 - 3*x**2 - 4*x + 1. Let p be g(4). Let m = p - 204. Is m a composite number?
False
Let i(h) = 3040*h**3 + 5*h**2 + 26*h - 97. Is i(4) prime?
True
Let o(n) = -n**3 - 9*n**2 + 5*n - 1. Let b be o(-10). Suppose p + 51 = b. Is ((-56)/(-16) + -4)*p*493 a prime number?
False
Suppose -25 = -3*a - 5*d, 2*a + 6*d = 3*d + 16. Suppose 17393 = -3*q + 3257. Is q/(-20) - 3/a prime?
False
Is (-4 - (-3159975)/(-7))/(-1) a prime number?
False
Suppose -20 = 6*t - t. Let n be 1*7 + t + 1. Is n - (-7)/((-28)/(-2760)) a composite number?
True
Suppose -1 = -c, -v - 5*c + 33 = 3*v. Suppose 1301 = v*l - 575. Let r = l + 1099. Is r composite?
False
Suppose 31855 = 45*a - 40*a. Is (-60)/(-48) - a/(-4) a prime number?
False
Let d = 460 + -595. Is ((-3)/4)/(d/57060) prime?
True
Let f(n) = 70*n**3 - 13*n**2 - 3*n + 59. Is f(10) a composite number?
False
Suppose -13*s - 39396 = -7*s. Let l = 10992 + s. Is l composite?
True
Suppose 2*n + 41 = -r + 49, n + 3*r = 14. Suppose 5*g + n*o + 2961 = 11498, 3*g + 5*o = 5107. Is g a prime number?
True
Suppose 2*y = 5*j + 115184 - 36390, 315176 = 8*y + j. Is y a prime number?
True
Let n = -47528 + 114474. Suppose -8*w + 76278 + n = 0. Is w composite?
False
Suppose 2*s - 5*j - 1663971 = 824336, -5*s + 6220817 = 4*j. Is s a composite number?
True
Is 4/18 + 0 - 477917/(-207) prime?
True
Suppose 4*m = -2*b + 22, 3*b - 2*m + 3*m - 13 = 0. Suppose -b*y - 5*n + 6769 = -1349, 0 = -2*y - 4*n + 5414. Is y a composite number?
True
Let y(o) = 120*o + 13. Let x = 59 - 57. Suppose 0 = x*h - 9 - 1. Is y(h) a prime number?
True
Suppose -19*n = -24*n + 175. Suppose b = -2*u - 113, -u + 10 = -5*b + 39. Let y = n - u. Is y prime?
True
Suppose 0 = -2*g + 79 + 65. Suppose g*d - 69*d = 2*k + 14295, 4*d = -4*k + 19060. Is d a composite number?
True
Is (-76)/(-228) + (2 - -798330)/(3*1) a composite number?
False
Suppose -5*l - 445 = -3*a, l = 2*a + 3*a - 771. Let m = a - 50. Is 2/5 - (-71253)/m a composite number?
True
Let v(s) = 1684*s**2 - 13*s - 19. Let m be v(-4). Let h = -17456 + m. Is h a prime number?
True
Let y = -228 - -232. Let f(b) = 20*b**2 + 16*b**2 - 13 - 6*b**2 + 3*b. Is f(y) prime?
True
Let c(t) = -t + 16. Let p be c(-7). Let u = -23 + p. Suppose u = -6*j - 2*j + 888. Is j prime?
False
Let c = 3447 + -10065. Let f = c + 11744. Is 15/30 - f/(-4) composite?
True
Let o = 20 - 18. Suppose 0*q + 2*q = -4*v + 8702, -o*v + 4357 = 3*q. Is v a composite number?
True
Suppose 5*h - 6735 = 5*o - 0*o, 3*h = 5*o + 4035. Suppose -5*n = -4*n + h. Let a = -947 - n. Is a composite?
True
Suppose 0 = -47*b + 62*b - 15. Is 27888/10*b - (-5)/25 prime?
True
Let o(d) = 20759*d**2 - 23*d + 91. Is o(3) a prime number?
False
Suppose 25 = 5*l, -2107 + 20927 = 5*u + 5*l. Suppose -28401 = -18*k - u. Is k a prime number?
False
Let b(r) = 3226*r**2 + 2*r - 20. Let w be b(6). Suppose -w - 112573 = -11*f. Is f a prime number?
False
Suppose -10*r + 58 = 5*a - 14*r, -a - 3*r + 23 = 0. Is ((-7)/a)/(-1 - (-40437)/40438) composite?
False
Let a be ((-222)/15)/(9/(-45)). Suppose -a*c - 4*z - 27583 = -79*c, -11041 = -2*c - z. Is c a composite number?
False
Suppose 2*v = 2*s + 30, 5*v - 2*v + 3*s = 51. Let w be (v/(-6))/(4*2/24). Is (-18278)/w - (-5)/20 a prime number?
False
Let k be (-100)/(-35) + (-2)/(-14). Suppose -3*j + 3*v = -2064, k*j - 1381 = -v + 671. Is j prime?
False
Is (((-4)/8)/((-19)/22951886) + -8)/1 a prime number?
True
Suppose -776 = -8*z - 152. Suppose -6 = -u + 5*q, 4*u + 2*q - z = 4*q. Suppose -u*d + 18*d + 339 = 0. Is d a prime number?
True
Is 10/(-6) - (-19308800)/192 prime?
False
Let g = -310262 + 681247. Is g a composite number?
True
Let f(j) = -1710*j + 163. Suppose -2*m + 177 - 185 = 0. Is f(m) a prime number?
False
Suppose 20863 = 13*r + 121067. Let y be (20/5)/1 - r. Suppose -5*w + 8461 = -2*q, -4*q - 2625 = 3*w - y. Is w composite?
False
Let b be 1/2*(7 - 11) - -1. Let i be (-5306)/(-28)*2*b. Is i/(-3) + (-4)/(-6) composite?
False
Suppose o + 5 = 0, 0 = -q - 24*o + 28*o + 2575. Let b = -1350 + q. Is b a composite number?
True
Suppose 13*u = 10*u - 1677. Let x = -242 - u. Is x prime?
True
Suppose 3*l + m - 180 = 0, 3*l - 3*m = 7*l - 235. Suppose -66*x + 22735 = -l*x. Is x a composite number?
False
Let x be -4*3/(-3)*(-4)/(-4). Suppose x*p = 4*i - 340, 0*i + 335 = 4*i + p. Suppose i*n - 16914 = 78*n. Is n composite?
False
Suppose -585*i + 576*i - 54 = 0. Is ((-66423)/(-28))/(i/(-40)) a prime number?
False
Let m(p) = -5*p**3 - 31*p**2 - 17*p - 44. Suppose 2*l - 3*j + 32 = 0, -2*j + 3*j - 54 = 4*l. Is m(l) composite?
False
Let z be (-54098)/176 + 12/32. Let p = -11 + 7. Is (z/(-2))/((-2)/p) a composite number?
False
Is -1 + (-294056)/(-35)*250/20 a composite number?
False
Let o(p) = 89*p + 2. Let t(z) = 3*z - 1. Let f(v) = o(v) + 4*t(v). Is f(23) composite?
True
Suppose 2*q = -6*q + 24. Suppose 29531 = 4*o + q*b - 2*b, -b = 1. Suppose 0*p - 4*p + c = -o, 4*p - 4*c = 7368. Is p a prime number?
True
Suppose 8*g - 23053 - 6835 = 0. Let k = g + -2195. Is k a composite number?
True
Suppose 28*i + 4*x = 22*i + 650858, -4*i + 2*x + 433938 = 0. Is i composite?
True
Let g be (-4 + 85)*(-14)/(-1). Suppose -150*x + g = -153*x. Let j = -100 - x. Is j a prime number?
False
Suppose -3*f - 4*a + 22751 = 0, -f - 4*a + 6*a = -7597. Let l = f + -3826. Is l prime?
False
Suppose -41302 = 3*g - 125359. Is g a composite number?
False
Let m = 515064 + -235585. Is m prime?
True
Let u(l) = 10*l**2 + 7*l - 17. Suppose -32 = -4*f - 4*p, -2*p = -3*f - f + 44. Let h = f - 2. Is u(h) prime?
False
Let h = -21 + -21. Let q = 630 + h. Let u = 397 + q. Is u a prime number?
False
Suppose -4*o = 4*c - c + 3, 4*c = -2*o - 14. Suppose 212387 = 44*p + 28995. Suppose 3*t - 5*m = 7573, m + p = o*t - 3397. Is t prime?
True
Suppose 5*s - 24 = 2*s. Let y be s/3 + (-4)/(-12). Suppose y*l - 389 - 184 = 0. Is l a composite number?
False
Suppose -16*r = -5*c - 15*r + 13, 4*c + 2*r = 2. Suppose -4*i + 6177 = 5*a, a = 3*i - c*a - 4626. Is i a prime number?
True
Suppose -r = 4*n - 887378, 3*r - 138132 - 83729 = -n. Is n prime?
False
Let r(p) = 3*p + 44. Let q be r(-14). Suppose -q*y = 55 - 111. Is 7/(y/6)*(-974)/(-3) a prime number?
True
Let l(b) = 4*b + 51 + 0*b + 8*b + 3*b**2 - 5*b. Is l(11) composite?
False
Let m(l) be the third derivative of l**6/120 + 4*l**5/15 + l**4/12 - 2*l**3/3 + 5*l**2 + 8. Is m(-15) a composite number?
False
Let x = 47 + -48. Let c be (-6 + x)/(-3 + (-389)/(-130)). Is 2 + c - (1 - 2)/(-1) composite?
False
Suppose -6*q = -7*q - 6, p = -2*q + 72061. Is p composite?
False
Is (-6)/(-51) + 27980/(-1020)*-6129 a composite number?
False
Suppose -f + 50*f = -980. Let d(j) = -64*j + 275. Is d(f) a prime number?
False
Suppose -25285*p + 25281*p + 66452 = 0. Is p a prime number?
False
Is (-1 - (-4)/3)/((-17422)/(-17421) + -1) a composite number?
False
Let t(o) = 1105*o**3 + 4*o**2 - 24*o + 41. Is t(2) prime?
True
Let q(k) = -75*k + 61. Let g be q(-13). Suppose g = 11*u - 405. Is u composite?
False
Let f = 197653 - -99628. Is f composite?
True
Suppose q + 5*s + 15 = 0, 0 = 3*q - 3*s - 32 + 5. Let f(u) = 714*u + 37. Is f(q) a composite number?
False
Is (-8 - (-6 - (-843138